Calculate the remainder when ((-1)/(-3) - 1)/(2/(-1239)) is divided by 213.
200
Suppose -2*l = 2*l - 5*o - 237, -3*l + 178 = -4*o. Suppose -26*z = -22*z + r - 96, -3*z - 3*r = -99. Calculate the remainder when l is divided by z.
16
Let q(h) = 30*h**2 - 123*h + 862. What is the remainder when q(7) is divided by 296?
287
Let c = 9273 - 9244. Calculate the remainder when 3566 is divided by c.
28
Suppose 4*c = 2*n + 6, 2*c - 2*n - 9 = -3. Suppose 4*k - 5*b - 38 - 35 = 0, k - 5*b - 7 = c. Calculate the remainder when k is divided by 1/(1*(-1)/(-9)).
4
Let g = 262 - 244. Suppose -g*c = 743 - 3695. Calculate the remainder when c is divided by 15.
14
Let t = 1 - -1. Suppose t*m = 21 - 39. Let q = 28 + m. What is the remainder when 49 is divided by q?
11
Calculate the remainder when (230/25)/((12/(-255))/(-4)) is divided by 16.
14
Suppose 24*q - 17*q = 210. Suppose -8*p = -4*w - 11*p + 355, 4*p = -w + 92. What is the remainder when w is divided by q?
28
Suppose -8*j - 32508 = -32*j + 6*j. Calculate the remainder when j is divided by 67.
64
Let u be 5/2*(1 - (-27)/(-3)). Let z(y) = y**2 + 20*y + 69. Calculate the remainder when z(u) is divided by 12.
9
Suppose -10*o + 15*o + 695 = 0. Let u = -125 - o. Suppose 0*z = -z + 4. Calculate the remainder when u is divided by z.
2
Calculate the remainder when 160 is divided by ((-51)/(-15) + -1)/((-378)/(-10080)).
32
Suppose 271*x = -88*x + 6821. Suppose 17 = 5*k - 58. Calculate the remainder when x is divided by k.
4
Let p = -395 - -452. What is the remainder when 6324 is divided by p?
54
Suppose 23 = 4*d - 29. Let g(x) = -9 + 2*x - 18 - 24 + 26. Calculate the remainder when d is divided by g(15).
3
Let g(d) = -d**3 - 6*d**2 + 6*d + 53. What is the remainder when 1317 is divided by g(-10)?
138
Let f = -22279 + 22393. What is the remainder when f is divided by 77?
37
Let d = -359 + 363. Suppose 2*l + k = 70, -6 = d*k - 7*k. What is the remainder when 44 is divided by l?
10
Let j(o) = 24*o**2 + 30*o - 299. Calculate the remainder when j(12) is divided by 55.
52
Calculate the remainder when ((-6)/4)/(-3 - -4)*19280/(-40) is divided by 5.
3
Let c(t) = 51*t**3 - 17*t**2 + 22*t - 6. Calculate the remainder when 1258 is divided by c(1).
8
Let u = 3304 + -3280. Calculate the remainder when 381 is divided by u.
21
Let t = -4292 - -4301. Calculate the remainder when 48 + -5 - 1*3 is divided by t.
4
Suppose 0 = 319*j - 334*j + 24360. Calculate the remainder when j is divided by 39.
25
Let u(n) = 34*n + 104. Let t be u(-3). Suppose 4*s = -t*b + 54, -4*b - 10*s + 13*s + 64 = 0. Calculate the remainder when 53 is divided by b.
15
Let d = 37 - 22. What is the remainder when 15/(-6)*-27*6/5 is divided by ((-168)/(-15))/(6/d)?
25
Calculate the remainder when 273 is divided by 5 + 228/39 + (-6)/(-39).
9
Let t(o) = -o**3 + 9*o**2 + 24*o - 109. What is the remainder when 1277 is divided by t(9)?
100
Let x(m) = 174*m - 1769. Calculate the remainder when 1592 is divided by x(11).
142
Let u = 461 + -457. Let p(r) = 8*r**2 + 2*r. Calculate the remainder when p(u) is divided by 41.
13
Suppose 293 - 30 = 7*g + 4*r, 0 = 4*g + 4*r - 152. Calculate the remainder when 3/2 - (-137)/2 is divided by g.
33
Suppose 14*b - 10*b = -76*b + 480. What is the remainder when 193 is divided by b?
1
Suppose 4*k - 2*p = -0*p + 44, 0 = -p - 4. Suppose 0 = 4*o, -3 = -d - 5*o + k. Let f = 4679 + -4656. Calculate the remainder when f is divided by d.
11
Let o(r) = -8*r + 75. Let y be o(7). Let j = -17 + y. Calculate the remainder when 6 is divided by j.
0
Let i(a) = a**2 + 52. What is the remainder when i(0) is divided by ((-8)/3)/(86/(-516))?
4
Let v = 93 + -105. What is the remainder when -1*(2 + -49)*1 is divided by -1*26*(1 + v/8)?
8
Let n(j) = 9*j + 16. Let v be 4 - 2/((-15)/10 + 2). What is the remainder when n(v) is divided by 7?
2
Let w = -11 - -22. Suppose -2*a = 3*a - 210. Calculate the remainder when a is divided by -2*(0 - w/2).
9
Suppose 4 = s - 5. Suppose s*b - 1170 = -b. What is the remainder when b is divided by 30?
27
Suppose -3*g + 2*d + 143 - 28 = 0, -5*g - 3*d = -179. Suppose 7*f = 19 + g. Calculate the remainder when ((-82)/f)/(2/(-8)) is divided by 21.
20
Calculate the remainder when ((-35)/(-2) + -15)*54 is divided by 35.
30
Let i = -1910 + 2047. Suppose 5*h - 150 - 85 = 0. What is the remainder when i is divided by h?
43
Let p = -21 - -73. Suppose -107*i + p = -105*i. Calculate the remainder when 82 is divided by i.
4
Suppose -12*k = -33 - 27. Suppose 6*o - 4*o = -2*y + 42, -4*o + 100 = k*y. Calculate the remainder when (30/7)/((-1)/(-7)) is divided by y.
14
Suppose -4*u = -43*t + 41*t + 1432, 3*u - 681 = -t. What is the remainder when t is divided by 32?
30
What is the remainder when 582 is divided by (-483)/(-14) + -18 + (-4)/8?
6
Suppose -4 = 4*s - 20. Let y(t) = -t**3 + 8*t**2 + t + 14. Let v be y(9). Let g = -19 - v. Calculate the remainder when g is divided by s.
3
Let d = -87 - -49. Let w = d - -67. Suppose -m + 5*y + 60 = 0, -2*m + 26 = 3*y - w. Calculate the remainder when m is divided by 12.
11
Suppose -2*o + 3*o - n - 26 = 0, 3*o - 70 = -n. Suppose 2*u - 8 = u + 2*p, -4*u + 4*p + o = 0. What is the remainder when 77 is divided by u?
1
Let a(m) be the first derivative of m**4/4 + 3*m**3 + 4*m**2 + m + 53. Let s be (-16)/56 + 108/(-14). Calculate the remainder when 2 is divided by a(s).
0
Suppose 0 = -5*x + 138 - 258. What is the remainder when (1 - 2) + -1 - -46 is divided by (-24)/x + 12 + -1?
8
Suppose 4*g - 2*j = 62, 3*g + 31 = 54*j - 68*j. What is the remainder when 8783 is divided by g?
8
Suppose -485*q + 248*q - 1035 = -252*q. Let x(b) = b**3 + 5*b**2 - 5*b - 2. Let a be x(-6). Let g = 23 + a. What is the remainder when q is divided by g?
9
What is the remainder when (1/(-5))/(67/(-445215)) is divided by 31?
27
Let c(r) = 271*r**2 - 1623*r - 5. Let m = 62 + -119. Let h = m + 107. What is the remainder when h is divided by c(6)?
11
What is the remainder when 187 is divided by ((-4)/3)/(((-754)/2001)/26)?
3
Let o(a) = 23*a + 324. Let u be o(-38). Let i = -470 - u. Calculate the remainder when i is divided by 11.
3
What is the remainder when 589 is divided by (-1656)/(-115)*(-70)/(-6)?
85
Let u be 4/(-14) + (-2032)/(-56). Suppose 6*s - u = 6. What is the remainder when (7/s)/((-1)/(-25)) is divided by 6?
1
Suppose 0 = -3*w + 1 - 4, 0 = 2*n - 4*w - 3562. Calculate the remainder when n is divided by 31.
12
Let c = -329 - -257. Calculate the remainder when 141 is divided by 31/2 + -2 - (-36)/c.
11
Suppose 3*c + 4*t = 33 + 246, -2*c + 3*t + 186 = 0. Let h(d) = -d**2 - d. Let o be h(-1). What is the remainder when c is divided by 32 - (o + 1 + -1)?
29
Let u be (-24084)/(-135) + (-7)/5. Let g = 183 - u. Calculate the remainder when 73 is divided by g.
1
Suppose -2*z - 2 = -68. Let s = -1 + 22. Suppose -202 = s*i - 1504. What is the remainder when i is divided by z?
29
Suppose -13*o = -5*i - 8*o + 25, 3*i = -4*o - 6. What is the remainder when 57 is divided by (i/(-2))/(3/(-144))?
9
Let t = 394 + -337. Calculate the remainder when 151 is divided by t.
37
Suppose -122 = -10*j + 58. What is the remainder when 59 is divided by (-484)/(-16) + (j/8)/(-9)?
29
Suppose 2*h + 4*b + 1996 = 9*h, -2*h + 3*b + 561 = 0. What is the remainder when h is divided by 29?
27
Let m = -217 + 108. Let t = 130 + m. Calculate the remainder when t is divided by 4.
1
Suppose 8*u - 651 - 381 = 0. Let v = u + -81. What is the remainder when v is divided by 6?
0
Let j(b) = -b**2 - 73*b + 1289. What is the remainder when 214 is divided by j(-87)?
1
Suppose -10*r + 65 + 441 = 56. What is the remainder when 2023 is divided by r?
43
Let o = 12 - 5. Suppose -4*f + 11*m = 111, -31*f + 2*m = -34*f + 91. Calculate the remainder when f is divided by o.
5
What is the remainder when -373*(-3 - -9)*(-15)/90 is divided by (-6)/(-4)*(-94)/(-3)?
44
Let q = -78 + 78. Suppose q = -d - 4*c + 47, 48 = 2*d - c - 1. What is the remainder when d is divided by 10?
7
Suppose -4*t + 151 = a, a + 3*a = 3*t - 118. Let u = 1266 - 1253. Calculate the remainder when t is divided by u.
12
Suppose 3*w + 2890 = 5*l, 4*l = -889*w + 885*w + 2280. Calculate the remainder when l is divided by 71.
7
Suppose -6*h - 643 - 425 = 0. Let n = h - -297. What is the remainder when n is divided by 12